5289?
9
What is the hundreds digit of 364086?
0
What is the hundred thousands digit of 2643358?
6
What is the hundred thousands digit of 1932377?
9
What is the tens digit of 178967?
6
What is the millions digit of 7284851?
7
What is the ten thousands digit of 23011?
2
What is the hundred thousands digit of 4634914?
6
What is the tens digit of 476303?
0
What is the ten thousands digit of 27475360?
7
What is the ten thousands digit of 17068478?
6
What is the hundreds digit of 403667?
6
What is the tens digit of 346856?
5
What is the hundred thousands digit of 846980?
8
What is the ten thousands digit of 2366454?
6
What is the units digit of 801402?
2
What is the hundreds digit of 4581098?
0
What is the units digit of 2967917?
7
What is the tens digit of 28870245?
4
What is the units digit of 1099954?
4
What is the thousands digit of 435985?
5
What is the hundred thousands digit of 636727?
6
What is the units digit of 6056156?
6
What is the ten thousands digit of 4189648?
8
What is the hundred thousands digit of 14154514?
1
What is the ten thousands digit of 1897676?
9
What is the tens digit of 3935629?
2
What is the tens digit of 12494778?
7
What is the ten thousands digit of 106559?
0
What is the hundreds digit of 2724834?
8
What is the ten thousands digit of 6963428?
6
What is the units digit of 7725251?
1
What is the tens digit of 233264?
6
What is the hundred thousands digit of 2241312?
2
What is the units digit of 1503327?
7
What is the hundred thousands digit of 482837?
4
What is the thousands digit of 985753?
5
What is the units digit of 3403422?
2
What is the hundreds digit of 2739989?
9
What is the hundred thousands digit of 1826393?
8
What is the units digit of 1487397?
7
What is the tens digit of 462969?
6
What is the tens digit of 2207126?
2
What is the units digit of 8473448?
8
What is the tens digit of 197421?
2
What is the units digit of 504613?
3
What is the tens digit of 1663289?
8
What is the hundred thousands digit of 259194?
2
What is the units digit of 374692?
2
What is the ten thousands digit of 797982?
9
What is the hundreds digit of 939012?
0
What is the hundreds digit of 548456?
4
What is the tens digit of 6925?
2
What is the thousands digit of 2630032?
0
What is the ten thousands digit of 14409864?
0
What is the tens digit of 23373364?
6
What is the hundred thousands digit of 183448?
1
What is the ten thousands digit of 25431589?
3
What is the ten thousands digit of 515979?
1
What is the units digit of 1758494?
4
What is the hundreds digit of 710164?
1
What is the ten thousands digit of 23262337?
6
What is the units digit of 470608?
8
What is the thousands digit of 108999?
8
What is the thousands digit of 1902853?
2
What is the ten millions digit of 10075868?
1
What is the hundred thousands digit of 402012?
4
What is the hundred thousands digit of 2884761?
8
What is the tens digit of 204537?
3
What is the units digit of 2423019?
9
What is the hundred thousands digit of 6198920?
1
What is the thousands digit of 693584?
3
What is the thousands digit of 2089652?
9
What is the hundred thousands digit of 228373?
2
What is the ten thousands digit of 2723734?
2
What is the hundred thousands digit of 226115?
2
What is the ten thousands digit of 423020?
2
What is the hundred thousands digit of 237617?
2
What is the ten thousands digit of 193699?
9
What is the thousands digit of 1732716?
2
What is the thousands digit of 13748?
3
What is the units digit of 2053218?
8
What is the hundreds digit of 400118?
1
What is the hundred thousands digit of 934751?
9
What is the hundred thousands digit of 348489?
3
What is the ten thousands digit of 1677496?
7
What is the millions digit of 1278264?
1
What is the thousands digit of 2265157?
5
What is the hundred thousands digit of 699525?
6
What is the thousands digit of 223944?
3
What is the ten thousands digit of 257268?
5
What is the thousands digit of 242138?
2
What is the tens digit of 1636673?
7
What is the thousands digit of 117386?
7
What is the hundreds digit of 29850?
8
What is the ten thousands digit of 260418?
6
What is the tens digit of 1736713?
1
What is the hundreds digit of 173784?
7
What is the hundred thousands digit of 265650?
2
What is the thousands digit of 8384622?
4
What is the hundreds digit of 490819?
8
What is the hundreds digit of 462750?
7
What is the units digit of 30786279?
9
What is the ten thousands digit of 8294762?
9
What is the hundred thousands digit of 166391?
1
What is the units digit of 240832?
2
What is the hundred thousands digit of 1643233?
6
What is the thousands digit of 72469?
2
What is the tens digit of 7237592?
9
What is the thousands digit of 73717?
3
What is the thousands digit of 58854?
8
What is the hundreds digit of 96217?
2
What is the tens digit of 416625?
2
What is the ten millions digit of 13632420?
1
What is the millions digit of 5228319?
5
What is the ten thousands digit of 410181?
1
What is the thousands digit of 171325?
1
What is the thousands digit of 1382223?
2
What is the hundreds digit of 449586?
5
What is the hundred thousands digit of 258380?
2
What is the ten thousands digit of 20260?
2
What is the hundreds digit of 369762?
7
What is the units digit of 590008?
8
What is the hundreds digit of 115270?
2
What is the thousands digit of 1822656?
2
What is the units digit of 4915487?
7
What is the ten thousands digit of 21000384?
0
What is the ten thousands digit of 59224?
5
What is the units digit of 422620?
0
What is the tens digit of 27086?
8
What is the ten thousands digit of 2871675?
7
What is the thousands digit of 135943?
5
What is the tens digit of 16556438?
3
What is the hundred thousands digit of 11972926?
9
What is the hundred thousands digit of 31987631?
9
What is the hundred thousands digit of 713966?
7
What is the millions digit of 2251120?
2
What is the hundred thousands digit of 2105352?
1
What is the hundred thousands digit of 555218?
5
What is the hundred thousands digit of 4962103?
9
What is the units digit of 3827300?
0
What is the tens digit of 9323?
2
What is the tens digit of 262025?
2
What is the hundreds digit of 30009915?
9
What is the hundred thousands digit of 499445?
4
What is the tens digit of 7607652?
5
What is the ten thousands digit of 4038924?
3
What is the hundreds digit of 3713521?
5
What is the hundreds digit of 980226?
2
What is the hundreds digit of 372197?
1
What is the hundred thousands digit of 3549400?
5
What is the hundred thousands digit of 2205284?
2
What is the tens digit of 1431747?
4
What is the ten thousands digit of 6464539?
6
What is the hundred thousands digit of 168340?
1
What is the units digit of 664318?
8
What is the hundred thousands digit of 9724859?
7
What is the hundreds digit of 5115473?
4
What is the hundred thousands digit of 286310?
2
What is the millions digit of 7267895?
7
What is the ten thousands digit of 338096?
3
What is the hundred thousands digit of 639428?
6
What is the ten thousands digit of 281756?
8
What is the ten thousands digit of 344790?
4
What is the thousands digit of 4964581?
4
What is the tens digit of 407071?
7
What is the hundreds digit of 381965?
9
What is the units digit of 912350?
0
What is the hundreds digit of 5048682?
6
What is the thousands digit of 182892?
2
What is the hundred thousands digit of 5152969?
1
What is the ten thousands digit of 61520?
6
What is the ten thousands digit of 203976?
0
What is the hundreds digit of 145236?
2
What is the ten thousands digit of 320224?
2
What is the hundreds digit of 1605023?
0
What is the millions digit of 5094694?
5
What is the ten thousands digit of 20787274?
8
What is the tens digit of 4362640?
4
What is the units digit of 208122?
2
What is the units digit of 725433?
3
What is the thousands digit of 1001147?
1
What is the thousands digit of 205628?
5
What is the thousands digit of 22679715?
9
What is the ten thousands digit of 15576269?
7
What is the units digit of 285530?
0
What is the hundred thousands digit of 259301?
2
What is the hundreds digit of 5174803?
8
What is the hundred thousands digit of 8758565?
7
What is the hundred thousands digit of 998054?
9
What is the millions digit of 1562635?
1
What is the hundreds digit of 1238222?
2
What is the units digit of 941997?
7
What is the tho